 + 4*b**3/3 + 11*b**2/2 - 7*b. Let j be k(9). Suppose j*c - 3 = 15. What are the prime factors of c?
3
Let m(o) = 4*o**2 + 6. Let i(d) = -d**2 + d. Let y(v) = 5*i(v) + m(v). Let f be y(5). Suppose -2 = -7*s + f*s. What are the prime factors of s?
2
Let s = -477 - -510. List the prime factors of s.
3, 11
Suppose -24*k - 192 = -25*k. List the prime factors of k.
2, 3
Let h = -2509 + 3899. What are the prime factors of h?
2, 5, 139
List the prime factors of 106/(-6 + (-39)/(-6)).
2, 53
Let i(x) = 69*x**2 + 2*x - 2. Let v be i(3). Let t be v/(-10) - (-2)/4. Let w = -39 - t. List the prime factors of w.
23
Let f(t) be the first derivative of -3*t**2 - 4*t - 6. Let s(k) = -24*k - 17. Let j(g) = -26*f(g) + 6*s(g). List the prime factors of j(2).
2, 13
Let z(c) = 6*c**3 - 12*c**2 - 4*c + 9. What are the prime factors of z(5)?
439
Let d be (-7 + (-3 - 0))*1. Let y = 94 - d. List the prime factors of y.
2, 13
Suppose 1 = -2*j - 3. List the prime factors of 7/((-7)/2) - (j - 79).
79
Let r = -88 - -430. What are the prime factors of r?
2, 3, 19
Suppose -4*g + 1681 = -1495. What are the prime factors of g?
2, 397
Let x(y) = y - 3. Let l be x(6). Suppose l*h - h - 4 = 0. What are the prime factors of h/(-5) - (-360)/25?
2, 7
Let g(v) = -285*v**3 - 10*v - 15. List the prime factors of g(-2).
5, 457
Let m = 15 + -13. Suppose -m*f + 34 = -0*f. Suppose -3*z - 2 = -f. What are the prime factors of z?
5
Let r = 487 + 46. Suppose -65 + r = 13*v. What are the prime factors of v?
2, 3
Let y be 30/12*(2 + 0). Suppose -4*z - 8 = -5*c, 2*z - 3*z + y*c = 17. Suppose 2*h - 6*h = 3*a - 157, -z*a + 83 = 2*h. List the prime factors of h.
37
Suppose -2*i - 443 = -501. What are the prime factors of i?
29
Let o(i) = i**2 + 2*i + 25. Let b(m) = m**2 + 18*m + 9. Let l be b(-18). List the prime factors of o(l).
2, 31
Let k = 24 - 55. Let x = k + 114. List the prime factors of x.
83
Let n(j) = -8*j + 14. Let i be n(10). Let w = i + 125. List the prime factors of w.
59
Suppose 2*c = -3*y + 71, -2*y + c - 22 = -3*y. Suppose -2*z = -0*z + 4*t - 28, -3*t = 2*z - y. Suppose x - 2 = z. List the prime factors of x.
2, 7
Let p = 79 + 1910. List the prime factors of p.
3, 13, 17
Let r(l) = 5*l**3 + 7*l**2 + 2*l - 18. What are the prime factors of r(8)?
2, 3, 167
Let y(z) be the third derivative of z**6/120 - 8*z**5/15 + 5*z**4/12 - 19*z**3/3 + z**2 + 3. List the prime factors of y(32).
2, 3, 47
Let d = 18 + -14. Let j(x) = -2 + x + 5 - 3. List the prime factors of j(d).
2
Let b be ((1 - -1) + 3)*1. Suppose -w - 5*q = -20, -q + 0*q = b*w - 28. Suppose 24 = -p + w*p. What are the prime factors of p?
2, 3
Let q(j) = j - 1. Let s be q(5). Suppose 6 = 4*h - g, -3*h = -2*g + s*g + 1. List the prime factors of 3 - h/((-3)/6).
5
Let w(d) = d**2 - 2*d + 5. Let o be w(7). Suppose x = -x - o. Let g = 45 + x. What are the prime factors of g?
5
Let u be 14/(-91) + (-119)/(-13). Suppose 2*s = -b + u, -25 = -5*b + s + 9. Let n = 12 - b. What are the prime factors of n?
5
Let g(l) = 4*l**3 - l**2 - 8*l - 4. Let q = 4 - 1. What are the prime factors of g(q)?
71
Let y = 264 - -57. Suppose 3*i + x - 232 - y = 0, -386 = -2*i - 5*x. What are the prime factors of i?
3, 61
Suppose 14*p - 2*p - 7560 = 0. What are the prime factors of p?
2, 3, 5, 7
Suppose -44 = -3*n - n. List the prime factors of n.
11
Let h(o) = o**2 - 2*o. Let j be h(2). List the prime factors of 1 + 0 - (-42 - j).
43
Let g(u) = -3*u**2 + 22*u + 15. Let r(c) = 2*c**2 - 15*c - 10. Let x(o) = -5*g(o) - 7*r(o). What are the prime factors of x(8)?
19
Let b(p) = p**2 - p. Let l(o) = 9*o - 4. Let x(d) = -b(d) + l(d). Let i be x(9). Suppose 3*a = i*a - 134. List the prime factors of a.
67
Let m(n) be the third derivative of n**6/120 - n**5/15 + 7*n**4/24 - n**3 - 16*n**2. What are the prime factors of m(6)?
2, 3
Suppose -120 = -2*z - 3*l - 7, 67 = z + 5*l. What are the prime factors of z?
2, 13
Let c be (-6)/15 - (-16128)/70. Let h = 397 - c. List the prime factors of h.
167
Suppose 4*w = -o - o, -5*o + 65 = -3*w. Let c(i) = -20*i. Let y(a) = -3*a. Let q(p) = -5*c(p) + 32*y(p). What are the prime factors of q(o)?
2, 5
Suppose -f - 146 = 5*b, -b + 0*f = f + 26. What are the prime factors of 76 + -1 - (-33 - b)?
2, 3, 13
What are the prime factors of 1/(3/2)*279669/142?
13, 101
Suppose -13132 = -7*r + 742. List the prime factors of r.
2, 991
Suppose n + 0*n = -5*r + 33, 3*n - 9 = 0. Let b = 8 - r. Suppose 4*q = 2 - 6, b*k - 29 = -5*q. What are the prime factors of k?
17
Let k(m) = 148*m**3 - 3*m**2 + 17*m - 33. What are the prime factors of k(3)?
3, 443
Let z be ((0 - 0)/1)/1. Let w(n) = -5*n - 1 + 4*n + 2*n**2 + z + 0. List the prime factors of w(-3).
2, 5
Suppose 15 = 5*d + j - 15, 3*d = -j + 20. Suppose d*t + 21 = 4*v - 12, -5*v + 2*t + 54 = 0. List the prime factors of v.
2, 3
Suppose 0 = -3*b - 4*r + 134, -b + 47 = -0*b - r. Let k = 208 - b. List the prime factors of k.
2, 3
Suppose 4*s + 117 = 37. Let w = s + 35. Suppose -c + 42 - w = 0. List the prime factors of c.
3
Suppose -5*n - 35 = -4*s, 3*s - 4*n - 18 = -3*n. Suppose 0 = -s*a + 2*j + 34, -3*a - 4*j - 3 = -13. Suppose -y + 24 - a = 0. What are the prime factors of y?
2, 3
Suppose -34 - 41 = -3*z. Suppose 0 = 5*n - 10*n + z. Suppose n*k - 88 - 17 = 0. What are the prime factors of k?
3, 7
Let q(c) = 43*c - 2. Let r(d) = d**2 + 11*d + 11. Let a be r(-10). List the prime factors of q(a).
41
List the prime factors of (2 - 9) + (625 - -13).
631
Suppose b - 3*c - 3599 = 0, 4*b + 11*c = 12*c + 14374. What are the prime factors of b?
3593
Suppose 4*a - 55*q = -56*q + 4678, -3*q = 5*a - 5844. List the prime factors of a.
2, 3, 5, 13
What are the prime factors of (2*15/6)/(-1) + 78?
73
Let q(i) = -i**2 - i. Let r be q(0). Suppose 5*o + 4*x + 238 = 2*x, r = 5*o + 5*x + 250. Let f = o - -72. List the prime factors of f.
2, 13
Let z be (-9)/((-36)/16) + 286. Suppose -2*y + 910 = z. List the prime factors of y.
2, 5, 31
Let n = -45 + 25. Let i be (-1)/(-4) - (-85)/n. List the prime factors of ((-5)/(-2))/(i/(-32)).
2, 5
Suppose 11*i - 23362 = 1465. List the prime factors of i.
37, 61
Let h(o) = -8*o + 93. Let t be h(0). Suppose -y + 45 = -t. List the prime factors of y.
2, 3, 23
Let i(r) = -23*r - 7. List the prime factors of i(-10).
223
Let p = -25 + 21. Let t(s) = 14*s**2 - 3*s - 20. List the prime factors of t(p).
2, 3
Let d be 212/(-18) - 15/((-945)/(-14)). List the prime factors of (-5)/20 + (-1299)/d.
2, 3
List the prime factors of 738/(-3)*((-14)/21 + -4).
2, 7, 41
Suppose 2*f = 4*f + 14. What are the prime factors of -2*4*f - 0?
2, 7
Let w = 13 - 8. Suppose w*j = -5*a + 59 + 401, 5*a - 468 = -j. What are the prime factors of a?
2, 47
Let b(y) = 5*y**2 + 13*y - 31. Suppose -2*c + 2 = -4*h, 4*c - 5*h - 13 = 3*c. List the prime factors of b(c).
3, 41
Let z(o) = 4*o + 22. Let g(v) = -v + 1. Let f(i) = -g(i) + z(i). What are the prime factors of f(9)?
2, 3, 11
Suppose -5*z - 31 = -4*d, -3*d + 67 = z + 4*z. Suppose -r + 16 = 3*o, -r = -2*o - o + d. Suppose o*s = 91 + 29. List the prime factors of s.
2, 3
Suppose 3*y = 37 + 26. Suppose 0*c = -3*c + y. What are the prime factors of c?
7
Let y be 351/(-36)*(-8)/6. Suppose -4*p + 6 = -14, 5*p = -3*d + 652. List the prime factors of y/65 - d/(-5).
2, 3, 7
Let p(g) = 6*g**2 - 3*g - 2. Let o be p(3). Let r = o + 12. What are the prime factors of r?
5, 11
Let x be (-6)/(4 + (-46)/11). Let m be 6/4 + (-1)/(-2). Suppose 5*l + r = 35 + x, -4*l = m*r - 58. List the prime factors of l.
13
Let v(o) = -o**3 + 7*o**2 + 5*o - 3. What are the prime factors of v(-12)?
3, 11
Suppose -4 = -p + j + j, -2*p - 4*j + 32 = 0. Let q be 2/p - 156/(-20). What are the prime factors of q/(-2)*-4*1?
2
Suppose 2*i - 15*c = -11*c + 2472, 0 = c - 1. List the prime factors of i.
2, 619
Let p = 26 - 7. Let q be ((-1)/2)/(15/(-30)). Let m = p + q. List the prime factors of m.
2, 5
Suppose 0 = 9*m - 3*m - 6228. List the prime factors of m.
2, 3, 173
Let j(m) = -155*m - 128. What are the prime factors of j(-15)?
13
Let a = -5 - 2. What are the prime factors of (-8 - a)/(286/(-142) - -2)?
71
Let i(m) = -m**3 - 22*m**2 + 27*m + 31. Let k be i(-23). Let v = 89 - k. What are the prime factors of v?
2, 3, 5
Let k = 473 - 448. What are the prime factors of k?
5
Let f(v) = -7*v**3 + v + 1. Let 